8306634.
15
What is the remainder when 1245621 is divided by 3460?
21
Calculate the remainder when 1175281 is divided by 182.
107
What is the remainder when 6505947 is divided by 151?
112
Calculate the remainder when 263695 is divided by 962.
107
Calculate the remainder when 858942 is divided by 12819.
69
What is the remainder when 6635825 is divided by 11?
9
What is the remainder when 14467300 is divided by 149?
145
Calculate the remainder when 380698 is divided by 2163.
10
What is the remainder when 405092354 is divided by 18?
14
What is the remainder when 4060218 is divided by 70?
8
Calculate the remainder when 574016 is divided by 74.
72
What is the remainder when 400326 is divided by 120?
6
Calculate the remainder when 3277015 is divided by 95.
85
Calculate the remainder when 68979709 is divided by 268.
261
Calculate the remainder when 12653665 is divided by 408179.
116
What is the remainder when 465592 is divided by 116392?
24
Calculate the remainder when 411200 is divided by 82238.
10
Calculate the remainder when 4875229 is divided by 6915.
154
Calculate the remainder when 1174543 is divided by 125.
43
Calculate the remainder when 4865915 is divided by 5561.
40
Calculate the remainder when 2727214 is divided by 4694.
0
Calculate the remainder when 371845 is divided by 5902.
19
Calculate the remainder when 314265 is divided by 3308.
5
Calculate the remainder when 5034059 is divided by 1678010.
29
What is the remainder when 61121140 is divided by 1021?
1017
Calculate the remainder when 22567872 is divided by 17798.
8
Calculate the remainder when 63245832 is divided by 61.
56
What is the remainder when 651273 is divided by 81385?
193
Calculate the remainder when 13529 is divided by 51.
14
Calculate the remainder when 80006188 is divided by 253.
251
What is the remainder when 723630 is divided by 180898?
38
What is the remainder when 978373 is divided by 654?
643
Calculate the remainder when 382065927 is divided by 3.
0
Calculate the remainder when 1635262 is divided by 545054.
100
What is the remainder when 154148549 is divided by 605?
599
Calculate the remainder when 671158354 is divided by 321.
319
Calculate the remainder when 3956372 is divided by 775.
772
What is the remainder when 1412214 is divided by 704?
694
Calculate the remainder when 3136821 is divided by 824.
677
What is the remainder when 599985477 is divided by 136?
125
Calculate the remainder when 184293801 is divided by 8796.
9
What is the remainder when 16084374 is divided by 15?
9
What is the remainder when 74895423 is divided by 87?
81
What is the remainder when 1335617 is divided by 115?
7
Calculate the remainder when 126690 is divided by 372.
210
Calculate the remainder when 93400 is divided by 132.
76
What is the remainder when 60450 is divided by 80?
50
Calculate the remainder when 2717882 is divided by 14010.
13952
What is the remainder when 53567486 is divided by 185?
181
What is the remainder when 142143 is divided by 3737?
137
What is the remainder when 47117 is divided by 1879?
142
What is the remainder when 568642 is divided by 326?
98
Calculate the remainder when 416155 is divided by 567.
544
Calculate the remainder when 88540 is divided by 1735.
55
Calculate the remainder when 1002823 is divided by 501206.
411
What is the remainder when 65912 is divided by 8232?
56
Calculate the remainder when 7527952 is divided by 1881974.
56
What is the remainder when 933683 is divided by 73?
13
What is the remainder when 175626286 is divided by 7092?
7090
Calculate the remainder when 15261 is divided by 2205.
2031
Calculate the remainder when 1999340 is divided by 8543.
278
What is the remainder when 80638 is divided by 478?
334
What is the remainder when 27046 is divided by 62?
14
What is the remainder when 5990668 is divided by 1784?
1780
What is the remainder when 1754652 is divided by 415?
32
Calculate the remainder when 79820203 is divided by 24.
19
What is the remainder when 263612 is divided by 36?
20
What is the remainder when 565659 is divided by 188307?
738
Calculate the remainder when 10737197 is divided by 1193021.
8
What is the remainder when 4142582 is divided by 6575?
332
What is the remainder when 13243588 is divided by 3439?
3438
What is the remainder when 149756 is divided by 49802?
350
What is the remainder when 140071164 is divided by 145?
4
Calculate the remainder when 1121096 is divided by 28.
4
What is the remainder when 55378 is divided by 27408?
562
Calculate the remainder when 5588473 is divided by 1345.
1343
Calculate the remainder when 3309623 is divided by 9401.
471
What is the remainder when 532769 is divided by 132970?
889
Calculate the remainder when 15037 is divided by 1054.
281
Calculate the remainder when 50646219 is divided by 54.
51
What is the remainder when 676251 is divided by 442?
433
What is the remainder when 670820 is divided by 120?
20
What is the remainder when 166791 is divided by 391?
225
What is the remainder when 72960 is divided by 193?
6
Calculate the remainder when 92203 is divided by 28698.
6109
What is the remainder when 95597109 is divided by 826?
825
What is the remainder when 3752976 is divided by 124?
116
Calculate the remainder when 571085 is divided by 142754.
69
What is the remainder when 1283405 is divided by 3866?
3759
What is the remainder when 34601 is divided by 2310?
2261
What is the remainder when 155852 is divided by 80?
12
Calculate the remainder when 17010781 is divided by 66.
7
Calculate the remainder when 70030312 is divided by 85.
2
What is the remainder when 2621962 is divided by 153?
1
Calculate the remainder when 1860000 is divided by 930000.
0
What is the remainder when 22578225 is divided by 211011?
48
Calculate the remainder when 728842 is divided by 728822.
20
What is the remainder when 555169695 is divided by 3342?
3339
Calculate the remainder when 1468591 is divided by 54.
7
What is the remainder when 1210547 is divided by 151131?
1499
Calculate the remainder when 5308810 is divided by 988.
286
What is the remainder when 432837 is divided by 16647?
15
What is the remainder when 890746 is divided by 1671?
103
Calculate the remainder when 9155049 is divided by 4577518.
13
What is the remainder when 428237 is divided by 213825?
587
Calculate the remainder when 4955 is divided by 769.
341
Calculate the remainder when 32884 is divided by 2731.
112
Calculate the remainder when 531335374 is divided by 1222.
1220
Calculate the remainder when 458265696 is divided by 467.
464
Calculate the remainder when 28152516 is divided by 853106.
18
Calculate the remainder when 349949 is divided by 23314.
239
Calculate the remainder when 18101 is divided by 628.
517
What is the remainder when 252325 is divided by 2443?
696
What is the remainder when 6928226 is divided by 1385643?
11
What is the remainder when 12074577 is divided by 35?
32
What is the remainder when 46843727 is divided by 349580?
7
Calculate the remainder when 1825604 is divided by 668.
628
What is the remainder when 2865097 is divided by 712?
9
What is the remainder when 146576 is divided by 72133?
2310
Calculate the remainder when 2499342 is divided by 2585.
2232
What is the remainder when 221867123 is divided by 29?
13
What is the remainder when 52723 is divided by 256?
243
What is the remainder when 11854580 is divided by 13?
10
Calculate the remainder when 23936330 is divided by 2.
0
What is the remainder when 257591137 is divided by 6443?
6440
Calculate the remainder when 11204 is divided by 2230.
54
What is the remainder when 692294 is divided by 2198?
2122
What is the remainder when 66681 is divided by 22049?
534
What is the remainder when 239816 is divided by 759?
731
What is the remainder when 2816331 is divided by 195?
141
Calculate the remainder when 34961584 is divided by 1165386.
4
Calculate the remainder when 384499 is divided by 192213.
73
Calculate the remainder when 15309403 is divided by 2573.
53
Calculate the remainder when 78873 is divided by 111.
63
What is the remainder when 630237 is divided by 1844?
1433
Calculate the remainder when 89626 is divided by 44734.
158
What is the remainder when 771742 is divided by 4649?
8
What is the remainder when 270977 is divided by 342?
113
What is the remainder when 90417010 is divi